ed by 22.
13
Calculate the remainder when 112 is divided by 62.
50
What is the remainder when 742 is divided by 145?
17
What is the remainder when 122 is divided by 14?
10
What is the remainder when 195 is divided by 148?
47
Calculate the remainder when 193 is divided by 39.
37
What is the remainder when 166 is divided by 153?
13
What is the remainder when 504 is divided by 450?
54
What is the remainder when 353 is divided by 347?
6
What is the remainder when 1088 is divided by 23?
7
What is the remainder when 82 is divided by 43?
39
Calculate the remainder when 6019 is divided by 3006.
7
Calculate the remainder when 249 is divided by 129.
120
What is the remainder when 1476 is divided by 21?
6
Calculate the remainder when 11138 is divided by 79.
78
What is the remainder when 295 is divided by 27?
25
Calculate the remainder when 701 is divided by 231.
8
Calculate the remainder when 246 is divided by 20.
6
Calculate the remainder when 1052 is divided by 32.
28
Calculate the remainder when 119 is divided by 102.
17
Calculate the remainder when 2105 is divided by 81.
80
What is the remainder when 588 is divided by 149?
141
What is the remainder when 7860 is divided by 18?
12
What is the remainder when 1475 is divided by 236?
59
Calculate the remainder when 769 is divided by 105.
34
What is the remainder when 315 is divided by 102?
9
Calculate the remainder when 83 is divided by 32.
19
Calculate the remainder when 137 is divided by 10.
7
Calculate the remainder when 1300 is divided by 9.
4
What is the remainder when 272 is divided by 74?
50
What is the remainder when 2651 is divided by 334?
313
Calculate the remainder when 233 is divided by 118.
115
Calculate the remainder when 38 is divided by 20.
18
Calculate the remainder when 308 is divided by 45.
38
Calculate the remainder when 710 is divided by 53.
21
Calculate the remainder when 350 is divided by 103.
41
What is the remainder when 152 is divided by 34?
16
What is the remainder when 329 is divided by 16?
9
Calculate the remainder when 7921 is divided by 184.
9
Calculate the remainder when 3043 is divided by 90.
73
Calculate the remainder when 28514 is divided by 21.
17
What is the remainder when 489 is divided by 83?
74
Calculate the remainder when 1776 is divided by 162.
156
What is the remainder when 502 is divided by 23?
19
What is the remainder when 137 is divided by 71?
66
Calculate the remainder when 829 is divided by 277.
275
Calculate the remainder when 1215 is divided by 395.
30
What is the remainder when 347 is divided by 116?
115
Calculate the remainder when 252 is divided by 153.
99
What is the remainder when 173 is divided by 23?
12
Calculate the remainder when 184 is divided by 27.
22
What is the remainder when 1594 is divided by 1591?
3
What is the remainder when 15 is divided by 8?
7
What is the remainder when 2159 is divided by 78?
53
Calculate the remainder when 131 is divided by 48.
35
Calculate the remainder when 52 is divided by 49.
3
What is the remainder when 402 is divided by 30?
12
Calculate the remainder when 168 is divided by 30.
18
What is the remainder when 3725 is divided by 46?
45
Calculate the remainder when 125 is divided by 18.
17
What is the remainder when 267 is divided by 30?
27
What is the remainder when 241 is divided by 181?
60
Calculate the remainder when 221 is divided by 45.
41
What is the remainder when 1601 is divided by 11?
6
Calculate the remainder when 284 is divided by 16.
12
Calculate the remainder when 77 is divided by 21.
14
Calculate the remainder when 829 is divided by 205.
9
Calculate the remainder when 248 is divided by 14.
10
Calculate the remainder when 71 is divided by 21.
8
Calculate the remainder when 636 is divided by 54.
42
Calculate the remainder when 1898 is divided by 100.
98
What is the remainder when 6497 is divided by 38?
37
What is the remainder when 274 is divided by 70?
64
Calculate the remainder when 3742 is divided by 12.
10
What is the remainder when 48 is divided by 21?
6
Calculate the remainder when 3718 is divided by 310.
308
What is the remainder when 2261 is divided by 81?
74
What is the remainder when 89 is divided by 65?
24
Calculate the remainder when 165 is divided by 17.
12
Calculate the remainder when 3035 is divided by 117.
110
What is the remainder when 11166 is divided by 16?
14
Calculate the remainder when 774 is divided by 254.
12
Calculate the remainder when 3593 is divided by 706.
63
What is the remainder when 5370 is divided by 2681?
8
Calculate the remainder when 323 is divided by 108.
107
What is the remainder when 79 is divided by 40?
39
What is the remainder when 124 is divided by 41?
1
Calculate the remainder when 61 is divided by 46.
15
Calculate the remainder when 371 is divided by 180.
11
What is the remainder when 93 is divided by 51?
42
Calculate the remainder when 288 is divided by 58.
56
Calculate the remainder when 793 is divided by 42.
37
What is the remainder when 59 is divided by 20?
19
Calculate the remainder when 906 is divided by 181.
1
Calculate the remainder when 540 is divided by 126.
36
Calculate the remainder when 1536 is divided by 27.
24
What is the remainder when 55 is divided by 16?
7
What is the remainder when 7678 is divided by 40?
38
What is the remainder when 1966 is divided by 28?
6
Calculate the remainder when 6585 is divided by 74.
73
What is the remainder when 1005 is divided by 72?
69
What is the remainder when 394 is divided by 19?
14
Calculate the remainder when 153 is divided by 39.
36
Calculate the remainder when 61 is divided by 12.
1
What is the remainder when 412 is divided by 100?
12
What is the remainder when 718 is divided by 48?
46
What is the remainder when 288 is divided by 10?
8
What is the remainder when 131 is divided by 19?
17
Calculate the remainder when 43 is divided by 40.
3
Calculate the remainder when 236 is divided by 88.
60
Calculate the remainder when 7802 is divided by 57.
50
What is the remainder when 214 is divided by 108?
106
What is the remainder when 835 is divided by 272?
19
What is the remainder when 4364 is divided by 12?
8
What is the remainder when 500 is divided by 2?
0
Calculate the remainder when 1001 is divided by 15.
11
What is the remainder when 278 is divided by 26?
18
Calculate the remainder when 269 is divided by 54.
53
Calculate the remainder when 575 is divided by 116.
111
Calculate the remainder when 3751 is divided by 17.
11
What is the remainder when 1084 is divided by 108?
4
Calculate the remainder when 135 is divided by 8.
7
Calculate the remainder when 780 is divided by 112.
108
What is the remainder when 99 is divided by 51?
48
What is the remainder when 706 is divided by 7?
6
What is the remainder when 71 is divided by 29?
13
Calculate the remainder when 249 is divided by 89.
71
Calculate the remainder when 395 is divided by 21.
17
Calculate the remainder when 8149 is divided by 33.
31
What is the remainder when 308 is divided by 63?
56
Calculate the remainder when 66 is divided by 29.
8
Calculate the remainder when 119 is divided by 16.
7
Calculate the remainder when 270 is divided by 34.
32
Calculate the remainder when 109 is divided by 34.
7
Calculate the remainder when 24 is divided by 9.
6
Calculate the remainder when 102 is divided by 43.
16
Calculate the remainder when 697 is divided by 59.
48
What is the remainder when 2480 is divided by 5?
0
What is the remainder when 3481 is divided by 134?
131
What is the remainder when 622 is divided by 8?
6
Calculate the remainder when 2907 is divided by 969.
0
Calculate the remainder when 37 is divided by 7.
2
Calculate the remainder when 284 is divided by 28.
4
Calculate the remainder when 2281 is divided by 22.
15
What is the remainder when 167 is divided by 80?
7
Calculate the remainder when 167 is divided by 34.
31
What is the remainder when 43 is divided by 18?
7
Calculate the remainder when 2403 is divided by 25.
3
Calculate the remainder when 4432 is divided by 78.
64
What is the remainder when 1430 is divided by 89?
6
What is the remainder when 60 is divided by 16?
12
What is the remainder when 2847 is divided by 92?
87
Calculate the remainder when 126 is divided by 23.
11
What is the remainder when 85 is divided by 6?
1
What is the remainder when 2